der when 89798 is divided by 44.
38
What is the remainder when 416475 is divided by 52?
7
Calculate the remainder when 19794968 is divided by 170.
168
What is the remainder when 697522 is divided by 8708?
882
What is the remainder when 116352834 is divided by 5160?
5154
Calculate the remainder when 144483846 is divided by 66.
12
Calculate the remainder when 24485 is divided by 8122.
119
What is the remainder when 68445 is divided by 2013?
3
Calculate the remainder when 278713925 is divided by 114.
113
What is the remainder when 7648747 is divided by 163?
135
Calculate the remainder when 7301 is divided by 768.
389
What is the remainder when 413085 is divided by 61?
54
What is the remainder when 8317307 is divided by 67?
61
What is the remainder when 151062 is divided by 1287?
483
Calculate the remainder when 3440533 is divided by 1085.
1083
Calculate the remainder when 2916773 is divided by 17.
15
What is the remainder when 85972 is divided by 281?
267
What is the remainder when 112577783 is divided by 172?
171
What is the remainder when 1949097 is divided by 211?
90
Calculate the remainder when 2823807 is divided by 71.
66
What is the remainder when 745299820 is divided by 2031?
2029
What is the remainder when 5967934 is divided by 305?
304
What is the remainder when 336706653 is divided by 572?
569
What is the remainder when 714668 is divided by 4494?
122
Calculate the remainder when 11204441 is divided by 35.
31
What is the remainder when 180514 is divided by 16840?
12114
Calculate the remainder when 322730 is divided by 107508.
206
What is the remainder when 8011 is divided by 461?
174
What is the remainder when 24015 is divided by 23636?
379
Calculate the remainder when 3418499 is divided by 61.
59
What is the remainder when 26345584 is divided by 5?
4
What is the remainder when 9301 is divided by 2640?
1381
What is the remainder when 66004 is divided by 352?
180
What is the remainder when 2654998 is divided by 19?
14
What is the remainder when 999184 is divided by 1630?
1624
Calculate the remainder when 183821 is divided by 215.
211
Calculate the remainder when 6764103 is divided by 422756.
7
Calculate the remainder when 1184936 is divided by 996.
692
What is the remainder when 402800 is divided by 653?
552
Calculate the remainder when 356038 is divided by 687.
172
Calculate the remainder when 10012979 is divided by 86.
85
What is the remainder when 191331 is divided by 690?
201
Calculate the remainder when 4619894 is divided by 805.
804
Calculate the remainder when 16759820 is divided by 136.
132
What is the remainder when 39638 is divided by 485?
353
What is the remainder when 2728924 is divided by 228?
220
What is the remainder when 85023 is divided by 1089?
81
What is the remainder when 167175 is divided by 83522?
131
Calculate the remainder when 546375 is divided by 48.
39
Calculate the remainder when 130596 is divided by 26092.
136
Calculate the remainder when 7889456 is divided by 197.
0
Calculate the remainder when 24520347 is divided by 28.
19
What is the remainder when 11897543 is divided by 12?
11
Calculate the remainder when 12640317 is divided by 80.
77
What is the remainder when 10853976 is divided by 10853963?
13
What is the remainder when 359845 is divided by 124?
121
Calculate the remainder when 38467498 is divided by 30.
28
Calculate the remainder when 133738 is divided by 257.
98
What is the remainder when 738186 is divided by 38?
36
Calculate the remainder when 1088818 is divided by 4046.
444
Calculate the remainder when 538001 is divided by 773.
766
What is the remainder when 339454 is divided by 16969?
74
Calculate the remainder when 79272863 is divided by 1756.
1755
What is the remainder when 11296250 is divided by 161?
7
Calculate the remainder when 3217275 is divided by 8936.
315
What is the remainder when 42034 is divided by 1512?
1210
What is the remainder when 94652 is divided by 696?
692
What is the remainder when 16095 is divided by 928?
319
Calculate the remainder when 67648 is divided by 502.
380
Calculate the remainder when 18956867 is divided by 9478411.
45
Calculate the remainder when 41304750 is divided by 3464.
14
What is the remainder when 341521 is divided by 91?
89
Calculate the remainder when 110724681 is divided by 2828.
2825
Calculate the remainder when 3722367 is divided by 186063.
1107
What is the remainder when 37840662 is divided by 2454?
2436
Calculate the remainder when 405206 is divided by 1331.
582
What is the remainder when 5440915 is divided by 3145?
65
Calculate the remainder when 362907 is divided by 4609.
3405
Calculate the remainder when 4020540 is divided by 44.
40
What is the remainder when 1498608 is divided by 21107?
11
What is the remainder when 7931073 is divided by 30387?
66
What is the remainder when 161333 is divided by 19757?
3277
Calculate the remainder when 6054338 is divided by 3303.
3242
What is the remainder when 30810145 is divided by 30810115?
30
What is the remainder when 510950 is divided by 183?
14
Calculate the remainder when 85974546 is divided by 3.
0
Calculate the remainder when 48070272 is divided by 15.
12
What is the remainder when 7138270 is divided by 96?
94
What is the remainder when 6670659 is divided by 3335323?
13
Calculate the remainder when 1533388065 is divided by 657.
654
Calculate the remainder when 189862 is divided by 61874.
4240
What is the remainder when 2222504 is divided by 2222473?
31
What is the remainder when 7521679 is divided by 1184?
911
What is the remainder when 165051 is divided by 54895?
366
Calculate the remainder when 19750532 is divided by 468.
464
What is the remainder when 41227 is divided by 10293?
55
What is the remainder when 94737 is divided by 15776?
81
Calculate the remainder when 2574889 is divided by 627.
427
Calculate the remainder when 20283645 is divided by 1617.
1614
What is the remainder when 5430097 is divided by 65?
62
Calculate the remainder when 188453 is divided by 37571.
598
What is the remainder when 41226211 is divided by 13742064?
19
What is the remainder when 683037 is divided by 2882?
3
Calculate the remainder when 116333 is divided by 202.
183
What is the remainder when 571041 is divided by 10995?
10296
Calculate the remainder when 1241444 is divided by 944.
84
Calculate the remainder when 9883799 is divided by 8271.
8225
Calculate the remainder when 35860092 is divided by 2191.
2186
What is the remainder when 9291169 is divided by 1858227?
34
Calculate the remainder when 226559753 is divided by 113279875.
3
Calculate the remainder when 233577 is divided by 1854.
1827
What is the remainder when 896966 is divided by 70?
56
Calculate the remainder when 52816 is divided by 6004.
4784
Calculate the remainder when 956892 is divided by 318964.
0
What is the remainder when 1880973 is divided by 1828?
1789
What is the remainder when 5140811 is divided by 864?
11
Calculate the remainder when 207850 is divided by 207580.
270
What is the remainder when 7557980 is divided by 1889?
91
Calculate the remainder when 39370 is divided by 4362.
112
Calculate the remainder when 380442 is divided by 119.
118
What is the remainder when 113053 is divided by 16057?
654
What is the remainder when 114932280 is divided by 333?
327
Calculate the remainder when 28481 is divided by 46.
7
Calculate the remainder when 2164628 is divided by 1082312.
4
What is the remainder when 3335827 is divided by 152?
35
Calculate the remainder when 47123988 is divided by 400.
388
Calculate the remainder when 96416 is divided by 734.
262
Calculate the remainder when 1300580 is divided by 1588.
8
Calculate the remainder when 256133 is divided by 1287.
20
Calculate the remainder when 24079784 is divided by 15.
14
What is the remainder when 5915180 is divided by 2563?
2339
Calculate the remainder when 335924 is divided by 982.
80
Calculate the remainder when 9609894 is divided by 5128.
22
What is the remainder when 1482697 is divided by 158?
25
What is the remainder when 592292 is divided by 197401?
89
What is the remainder when 47843364 is divided by 299021?
4
Calculate the remainder when 16925742 is divided by 1363.
8
Calculate the remainder when 416059 is divided by 12.
7
Calculate the remainder when 2525056 is divided by 841684.
4
What is 